s 3740 a multiple of 22?
True
Is 4302 a multiple of 6?
True
Is 160 a factor of 25600?
True
Does 29 divide 31291?
True
Does 11 divide 65?
False
Does 91 divide 63264?
False
Is 8034 a multiple of 26?
True
Does 30 divide 5182?
False
Does 59 divide 118?
True
Is 18 a factor of 10700?
False
Is 9 a factor of 1360?
False
Does 34 divide 19346?
True
Is 21587 a multiple of 137?
False
Is 11 a factor of 1907?
False
Is 89 a factor of 1157?
True
Is 24238 a multiple of 138?
False
Does 14 divide 15736?
True
Is 21 a factor of 3297?
True
Is 101 a factor of 1073?
False
Does 86 divide 516?
True
Does 71 divide 2797?
False
Does 18 divide 3929?
False
Is 11313 a multiple of 61?
False
Is 15 a multiple of 2?
False
Is 19 a factor of 3804?
False
Does 59 divide 6431?
True
Does 36 divide 50616?
True
Does 19 divide 73?
False
Is 17250 a multiple of 138?
True
Is 830 a multiple of 10?
True
Is 23670 a multiple of 45?
True
Is 2637 a multiple of 6?
False
Is 50 a multiple of 4?
False
Does 20 divide 222?
False
Is 554 a multiple of 12?
False
Does 37 divide 6028?
False
Is 157 even?
False
Is 36 a factor of 3606?
False
Is 18548 a multiple of 17?
False
Is 4530 a multiple of 151?
True
Does 2 divide 3405?
False
Is 17 a factor of 3009?
True
Does 4 divide 220?
True
Does 68 divide 15980?
True
Is 52 a factor of 1085?
False
Is 8626 a multiple of 19?
True
Does 88 divide 26664?
True
Is 4 a factor of 1256?
True
Is 11 a factor of 5038?
True
Is 32 a factor of 2388?
False
Is 1341 a multiple of 21?
False
Is 12 a factor of 3024?
True
Is 5 a factor of 5865?
True
Is 9 a factor of 262?
False
Does 127 divide 5207?
True
Does 11 divide 385?
True
Is 231 a factor of 1950?
False
Is 13 a factor of 49907?
True
Does 99 divide 6925?
False
Does 117 divide 3838?
False
Does 3 divide 7183?
False
Is 25 a factor of 5316?
False
Is 13 a factor of 799?
False
Is 6 a factor of 1260?
True
Is 12 a factor of 3491?
False
Is 90 a multiple of 10?
True
Is 950 a multiple of 22?
False
Is 7 a factor of 16317?
True
Does 47 divide 1833?
True
Does 8 divide 3024?
True
Is 81 a factor of 3969?
True
Is 35 a factor of 43780?
False
Is 11 a factor of 862?
False
Is 42 a factor of 9066?
False
Is 27750 a multiple of 27?
False
Is 174 a multiple of 3?
True
Is 2530 a multiple of 55?
True
Is 132 a multiple of 44?
True
Is 13 a factor of 21619?
True
Does 49 divide 39886?
True
Does 25 divide 2350?
True
Does 30 divide 1260?
True
Is 2 a factor of 181?
False
Does 70 divide 2100?
True
Is 54945 a multiple of 14?
False
Is 34340 a multiple of 41?
False
Is 50 a factor of 1665?
False
Does 28 divide 29645?
False
Is 1237 a multiple of 16?
False
Is 844 a multiple of 12?
False
Is 20 a factor of 3351?
False
Is 2626 a multiple of 202?
True
Does 51 divide 1530?
True
Is 41 a factor of 638?
False
Is 18 a factor of 126?
True
Is 51577 a multiple of 6?
False
Is 17 a factor of 32538?
True
Does 41 divide 971?
False
Is 117 a factor of 1436?
False
Is 555 a multiple of 15?
True
Does 17 divide 138?
False
Is 89 a factor of 3738?
True
Is 4826 a multiple of 10?
False
Is 43919 a multiple of 37?
True
Is 26 a factor of 2990?
True
Is 1132 a multiple of 39?
False
Is 10171 a multiple of 22?
False
Is 106 a factor of 4664?
True
Is 396 a multiple of 18?
True
Is 26 a factor of 181?
False
Is 1414 a multiple of 202?
True
Is 14921 a multiple of 139?
False
Is 54 a factor of 25993?
False
Is 1624 a multiple of 8?
True
Is 37 a factor of 1637?
False
Is 18 a factor of 2934?
True
Does 22 divide 6864?
True
Is 51003 a multiple of 27?
True
Is 6053 a multiple of 24?
False
Is 2887 a multiple of 2?
False
Is 1767 a multiple of 8?
False
Does 6 divide 116?
False
Does 22 divide 4444?
True
Is 168 a multiple of 3?
True
Does 15 divide 4228?
False
Is 8 a factor of 832?
True
Is 19 a factor of 4333?
False
Is 120 a multiple of 4?
True
Does 14 divide 2296?
True
Is 6 a factor of 3018?
True
Does 3 divide 564?
True
Does 32 divide 33152?
True
Does 18 divide 144?
True
Is 416 a multiple of 3?
False
Is 13 a factor of 23491?
True
Is 360 a multiple of 7?
False
Is 194 a multiple of 3?
False
Does 74 divide 1184?
True
Is 7573 a multiple of 43?
False
Is 7814 a multiple of 30?
False
Is 34 a factor of 1428?
True
Does 6 divide 431?
False
Is 4015 a multiple of 102?
False
Is 621 a multiple of 86?
False
Does 70 divide 979?
False
Is 85 a multiple of 5?
True
Is 16 a factor of 1071?
False
Is 19 a factor of 10828?
False
Does 15 divide 60?
True
Is 240 a multiple of 8?
True
Is 1518 a multiple of 11?
True
Is 6 a factor of 72?
True
Does 85 divide 2972?
False
Is 25494 a multiple of 86?
False
Is 17 a factor of 986?
True
Is 280 a multiple of 28?
True
Is 39 a factor of 7956?
True
Does 11 divide 3762?
True
Is 14 a factor of 98?
True
Is 857 a multiple of 68?
False
Does 32 divide 10880?
True
Is 7 a factor of 434?
True
Does 257 divide 120194?
False
Is 17 a factor of 13311?
True
Does 42 divide 756?
True
Is 15 a factor of 887?
False
Is 24 a factor of 6216?
True
Is 11143 a multiple of 6?
False
Does 7 divide 379?
False
Is 7 a factor of 580?
False
Is 66 a factor of 533?
False
Is 2 a factor of 366?
True
Is 2112 a multiple of 6?
True
Is 14 a factor of 19262?
False
Is 5869 a multiple of 70?
False
Is 31916 a multiple of 245?
False
Is 76 a factor of 3545?
False
Does 74 divide 1954?
False
Is 20 a factor of 823?
False
Does 24 divide 2384?
False
Does 48 divide 1939?
False
Is 22692 a multiple of 25?
False
Is 94 a factor of 22700?
False
Does 39 divide 5031?
True
Is 47 a factor of 1651?
False
Does 123 divide 9451?
False
Is 26709 a multiple of 13?
False
Does 23 divide 46088?
False
Is 53 a factor of 16054?
False
Does 17 divide 578?
True
Does 11 divide 16588?
True
Is 202 a multiple of 17?
False
Does 19 divide 8303?
True
Does 28 divide 748?
False
Is 29172 a multiple of 11?
True
Is 15044 a multiple of 14?
False
Does 18 divide 2179?
False
Is 6986 a multiple of 14?
True
Is 30 a factor of 505?
False
Is 136 a multiple of 58?
False
Does 12 divide 22402?
False
Does 19 divide 4243?
False
Does 52 divide 17934?
False
Is 154 a multiple of 5?
False
Is 88 a factor of 3717?
False
Is 19 a factor of 76?
True
Does 13 divide 6034?
False
Does 16 divide 606?
False
Does 4 divide 73?
False
Is 3 a factor of 198?
True
Is 1755 a multiple of 27?
True
Is 110 a factor of 22110?
True
Is 1160 a multiple of 51?
False
Does 79 divide 22436?
True
Is 37 a multiple of 13?
False
Is 6475 a multiple of 37?
True
Does 33 divide 13607?
False
Does 65 divide 780?
True
Is 7 a factor of 772?
False
Is 8308 a multiple of 134?
True
Is 1761 a multiple of 14?
False
Is 25 a factor of 922?
False
Is 5800 a multiple of 10?
True
Is 2 a factor of 8393?
False
Does 60 divide 6666?
False
Is 33 a factor of 13727?
False
Does 253 divide 22011?
True
Is 1025 a multiple of 87?
False
Is 9 a factor of 161?
False
Is 16 a factor of 681?
False
Is 88 a factor of 29497?
False
Is 13 a factor of 64935?
True
Does 16 divide 2387?
False
Is 22 a factor of 1827?
False
Does 43 divide 11144?
False
Is 28 a multiple of 6?
False
Does 10 divide 8206?
False
Does 5 divide 161?
False
Is 1487 a multiple of 23?
False
Is 432 a multiple of 18?
True
Is 42924 a multiple of 49?
True
Is 6 a factor of 192?
True
Is 368 a multiple of 16?
True
Is 7203 a multiple of 147?
True
Is 1032 a multiple of 43?
True
Does 2 divide 226?
True
Is 80 a multiple of 25?
False
Does 32 divide 576?
True
Does 8 divide 296?
True
Is 80 a factor of 2478?
False
Is 19 a factor of 227?
False
Does 16 divide 16?
True
Is 20 a factor of 3760?
True
Is 110 a factor of 12100?
True
Is 62078 a multiple of 79?
False
Is 1288 a multiple of 8?
True
Is 73 a factor of 3796?
True
Is 21 a factor of 24129?
True
Does 5 divide 33042?
False
Is 10 a factor of 2841?
False
Does 44 divide 60102?
False
Is 86215 a multiple of 43?
True
Is 5247 a multiple of 15?
False
Is 7 a factor of 812?
True
Is 16 a factor of 2064?
True
Is 85 a factor of 39194?
False
Is 45 a factor of 5536?
False
Does 2 divide 3776?
True
Does 44 divide 32208?
True
Is 105 a factor of 420?
True
Is 1101 a multiple of 7?
False
Is 52 a factor of 75400?
True
Is 783 a multiple of 29?
True
Is 9783 a multiple of 9?
True
Does 4 divide 77?
False
Does 53 divide 1802?
True
Is 1606 a multiple of 45?
False
Is 15 a factor of 10290?
True
Is 25 a factor of 7056?
False
Is 79430 a multiple of 10?
True
Is 10904 a multiple of 29?
True
Is 6346 a multiple of 19?
True
Is 272 a mult